ulate the remainder when z is divided by 24.
18
What is the remainder when 2980 is divided by 3192/105 - 14/35?
10
What is the remainder when ((-132)/(-16) - 2)*16 is divided by 4*(-51)/9*(-9)/12?
15
Let j = 3957 - 2514. What is the remainder when j is divided by 25?
18
Let x = -27 + 96. Suppose -5*c = 2*t + 245, -2*c - t - 245 = 3*c. Let k = c + x. Calculate the remainder when k is divided by 8.
4
What is the remainder when (-4)/18 + (304/(-30))/(36/(-9330)) is divided by 67?
13
Suppose -f + 5*n - 1 = 0, 4*f - 18 = -6*n + 4*n. What is the remainder when 0 + 2 - (11 + -24) is divided by f?
3
Let a be (-212 - 3)/((-2)/6). Suppose 71 = 4*u - a. Let l(s) = 1149*s - 12594. What is the remainder when u is divided by l(11)?
44
Let o(l) = -l**3 + 6*l**2 + 9*l - 9. Let j be o(7). Suppose -j*v + 36 = 11. Suppose v*h - 68 - 92 = 0. Calculate the remainder when 93 is divided by h.
29
Let b(m) = -m**2 - 27*m + 201. Let s(q) = -q**2 - 15*q - 10. Calculate the remainder when b(-28) is divided by s(-9).
41
Let k = -94 - -89. What is the remainder when (-1 - 19)*k/4 is divided by 3?
1
Suppose -4534*d = -4456*d - 592410. Calculate the remainder when d is divided by 36.
35
Suppose -37 = 6*m - 181. Suppose 862 = -2*s + 880. What is the remainder when m is divided by s?
6
Suppose l = 5, 4*r + 3*l + 27 = 338. Let k(z) = -38 - 65*z**2 - 2*z + 37*z**2 + 29*z**2. Calculate the remainder when r is divided by k(9).
24
Suppose 0 = 4*n + n - 395. Suppose s = -27*u + 421, 0 = 263*u - 264*u + 2*s + 38. Calculate the remainder when n is divided by u.
15
Let b = 17088 + -16975. Calculate the remainder when 465 is divided by b.
13
Suppose -4*m = -9*m + 525. Let r = 215 - m. Suppose -r = -9*o + 4*o. What is the remainder when o is divided by 8?
6
Let h = 9 - -49. Calculate the remainder when (-216)/(-18) + 39*13 is divided by h.
55
Let y = 4 + -5. Let a = 10 - y. Let x(c) = -47*c - 4. Calculate the remainder when x(-1) is divided by a.
10
Suppose -3*p = -2*i - 161, p + 3*i - 51 = i. What is the remainder when (-4050)/(-39) + (-2)/(-13) is divided by p?
51
Let i = 3803 - 2666. What is the remainder when i is divided by 25?
12
Let t(k) = 39. Let f(l) = 2*l + 40. Let q(j) = 6*f(j) - 5*t(j). What is the remainder when q(0) is divided by 25?
20
Let u = -62 + 35. Calculate the remainder when (-426)/u + (-8)/(-36) is divided by (-2 - 4)/(12/40*-2).
6
Let j(a) = 98*a**2 - 2*a. Let c(n) = -96*n**2 + 2*n. Let p(t) = -3*c(t) - 2*j(t). Calculate the remainder when p(1) is divided by 37.
16
Let c(n) = 15*n**2 + 115*n + 7. What is the remainder when c(-9) is divided by 9?
7
Let v(s) be the third derivative of 1/3*s**3 + 1/60*s**6 - 1/24*s**4 + 0*s - 31*s**2 - 1/60*s**5 + 0. What is the remainder when 21 is divided by v(2)?
9
Suppose -2*t + 688 = -h, -12 = -2*t + 5*h + 676. Calculate the remainder when t is divided by 68.
4
Suppose 326*s = 319*s + 21. Suppose 3*g - 275 = 3*j + 1030, g + s*j = 419. Calculate the remainder when g is divided by 48.
47
Suppose 19*x + 4714 - 60114 = -181*x. What is the remainder when 1930 is divided by x?
268
Let q(j) = -278*j - 13095. Calculate the remainder when 489 is divided by q(-48).
240
Let y be (4 + (-4 - -1))*5. Suppose -a + y*a = 496. Suppose 7*t - 153 = -27. Calculate the remainder when a is divided by t.
16
Suppose 33*l = -19*l + 52. Let g(n) = n + 10. Let z be g(-7). What is the remainder when 32 is divided by (374/66)/(l/z)?
15
Suppose -2*m = -4*n + 984, -2*m + 0*m + 5*n = 987. What is the remainder when 11 + m/45 + (-168)/(-10) is divided by 6?
5
Let b = -48 - -41. Let c be 29/203 + (-279)/b. Calculate the remainder when 101 is divided by 166/8 + 10/c.
17
Let h(y) = -2*y**3 - 20*y**2 - 33*y - 5. What is the remainder when 692 is divided by h(-8)?
2
Suppose -i - 3*i = -100. Let h = 98 + -102. Calculate the remainder when h/(-24)*-2 + (-187)/(-3) is divided by i.
12
Calculate the remainder when 645 is divided by ((-360)/70)/(6/(-7)*(-8)/(-72)).
51
Calculate the remainder when 185 is divided by (-3)/(132/12 - 12) - (-46 - 2).
32
Let y = -358 - -361. Let p = 40 + y. Calculate the remainder when 166 is divided by p.
37
Suppose 11*g = 2*g + 18. Calculate the remainder when (g + 0)*2 + 579/3 is divided by 66.
65
Suppose -10*s = -16*s + 54. Suppose -5*p - 2*i + 166 = 0, -2*i - 154 = -s*p + 4*p. Calculate the remainder when 78 is divided by p.
14
Let w = 5093 + -5076. Let d = 3 - 2. Calculate the remainder when w is divided by 7 + (0 - d)*2.
2
Let s = -264 + 264. Calculate the remainder when 269 is divided by (-478)/(-7) + (30/(-105) - s).
65
Calculate the remainder when (-3)/(((-87)/10150)/(28/10)) is divided by 38.
30
Let f(w) = 2*w**2 - 35*w + 20. Let o be f(17). Let u(t) = 11*t**2 - 13*t + 34. What is the remainder when u(o) is divided by 8?
6
Let b be (-14)/(-3) + -3*(-2)/18. Suppose 3*d + 28 = p, -4*d - 2*p + 16 = -b*d. What is the remainder when 2 is divided by d/(-28) + 2 + 6/(-21)?
0
Suppose 0 = -51*k + 50*k + 58. Let s = k - -1. Calculate the remainder when s is divided by 23.
13
Let i(h) = 7*h - 38. Suppose -p = -d - 10, -48 = -4*p + d - 5*d. Calculate the remainder when 387 is divided by i(p).
36
Suppose 0 = 79*f + 53*f - 11088. What is the remainder when 163 is divided by f?
79
Suppose 6*g - 2*g - 2 = 2*h, 2 = -g - 2*h. Suppose -4*t + 37 + 7 = g. Suppose -3*s - 68 = -329. What is the remainder when s is divided by t?
10
Let l(v) = v**3 - 53*v**2 - 99*v + 2545. What is the remainder when l(54) is divided by 47?
21
Let v(j) = 2*j**3 - 6*j**2 - 60*j - 17. Calculate the remainder when 555 is divided by v(8).
126
Let h(k) = 3*k**2 - 12*k - 14. Let a = -4392 - -4448. What is the remainder when a is divided by h(6)?
12
Let b = 365 + 544. What is the remainder when b is divided by 48?
45
Let i = 21492 - 21487. What is the remainder when 22 is divided by i?
2
Let u = 105 + -86. Suppose u*z - 14*z = 40. Calculate the remainder when (z/6)/((-358)/(-354) + -1) is divided by 17.
16
Suppose -27*t + 6483 = -t + 5261. Calculate the remainder when t is divided by 25.
22
Let w(k) = k**3 - 5*k**2 + 10*k - 11. Let y = 4 + 6. Suppose -17 = -3*z - 5*a, 0 = -3*z + 3*a - a + y. Calculate the remainder when 33 is divided by w(z).
7
Let u = -458 + 441. Calculate the remainder when 17 + u + 241 + 1 is divided by 62.
56
Suppose -25*o = 34 - 534. Suppose 1913 - 173 = o*m. What is the remainder when 430 is divided by m?
82
Suppose 0 = 1923*v - 1997*v + 192104. Calculate the remainder when v is divided by 12.
4
Let a(k) = -k**2 + 289*k - 10155. Suppose 4*o = -3*t + 79, 0*o + 56 = 2*t + o. Calculate the remainder when t is divided by a(41).
3
Suppose 0*a - 3*a = -66. Suppose 8*s - 22*s = -112. Let t(d) = 4*d + 53. What is the remainder when t(s) is divided by a?
19
Suppose 2*j = 8, 2*j = -48*t + 47*t + 69. Calculate the remainder when 1277 is divided by t.
57
Suppose -4*p + 475 = 3*c, 4*p - 5 = -p. Let d be 108/6 + 4 + -4 + 0. Calculate the remainder when c is divided by -106*(4 - 81/d).
51
Calculate the remainder when 349 is divided by -55*(216/(-225))/(-6)*-5.
41
Suppose 5*c - 4*f = 89, 3*c + f - 4 = 63. Calculate the remainder when 1106 is divided by c.
14
Let x(g) = -171*g**2 - 1892*g + 9. What is the remainder when 379 is divided by x(-11)?
119
Suppose -211825 - 114314 = -185*c + 353181. What is the remainder when c is divided by 22?
20
Let l = 5 + -3. Suppose k + y = -93 - 228, 5*y = 3*k + 947. Let m = k - -326. Calculate the remainder when m is divided by l.
1
Let z(f) = f**2 - 11*f + 27. Let t be z(8). Suppose t*g + 92 + 116 = 2*m, 0 = -g - 2. What is the remainder when m is divided by 22?
13
Let q be (1 - (-458)/4)/((-28)/(-56)). What is the remainder when 68 is divided by 6/3*q/22?
5
Let x = 48 - 7. Suppose 0 = 4*w - 7 - 9. Suppose -28 = -4*h + 2*r + 82, w = 4*r. Calculate the remainder when x is divided by h.
13
Let q = -55 - -79. Let r(n) = 41 - q + 7 + 5 - n. What is the remainder when 77 is divided by r(3)?
25
What is the remainder when (6 + 185)*((-3)/(-1))/3 is divided by 67?
57
Let f = -58306 + 120661. What is the remainder when f is divided by 38?
35
Let n(b) = b + 6. Let l be n(-6). Suppose -116 + 41 = -25*f. Suppose 5*a + f*j - 23 - 47 = l, j = -5. Calculate the remainder when 151 is divided by a.
15
Suppose j - 61*j + 719673 = 63*j. Calculate the rem